Let u(a) = -a**3 - a + 640. What are the prime factors of u(0)?
2, 5
Let o(x) = -3*x**3 + x**2 - 3*x - 1. Let t be o(-2). Suppose 0 = -10*w - 31 + 581. Let p = w - t. List the prime factors of p.
2, 11
Let p(f) = 10*f**2 - 77*f + 13. What are the prime factors of p(-13)?
2, 13
What are the prime factors of 15/21 - 1 - 17938/(-14)?
3, 7, 61
Let v(s) = -3*s**2 + 4 + 4*s**3 + s**2 - 21*s + 20*s. Let z be v(3). Suppose -6*l = -z - 83. List the prime factors of l.
29
Let p(n) = 7*n - 2. Let i be p(-2). Suppose -5*a = 5*v - 45, -4*a + 0*a + v + 16 = 0. Let m = a - i. List the prime factors of m.
3, 7
Suppose 4*j = -620 - 424. Let i = j - -367. List the prime factors of i.
2, 53
Suppose 0 = -2*t + 8, 5*y = -2*t - 0*t + 3673. List the prime factors of y.
733
Let w(u) = -u**3 + u**2 - u + 367. Let z be w(0). Suppose -257 = -2*r + z. List the prime factors of 4/(-6) - r/(-9).
2, 17
Suppose 3*o + 32 = z, 2*o = 4*z + 5*o - 128. What are the prime factors of (-1)/(507/(-3864) + 4/z)?
7, 23
Suppose 4*v = 2*l - 184, 0 = l + 2*v - 0*v - 92. What are the prime factors of l?
2, 23
Suppose 8 = 3*w - 4. Let k be (w/8*0)/3. Suppose k = -v + 6*v - 50. List the prime factors of v.
2, 5
Let t = -888 + 1232. List the prime factors of t.
2, 43
Suppose 0 = -j + 2*c + 3398, j - 2*j - 2*c = -3414. List the prime factors of j.
2, 13, 131
Let v be (1 - 2) + (-18 - -21). Suppose -170 = -4*n + 2*g, -3*n + v*g + 125 = -0*g. What are the prime factors of n?
3, 5
Let a be (-6)/(-2) - (5 + 10). Let p be 3*(200/a)/5. Let b(k) = -k**2 - 12*k + 2. List the prime factors of b(p).
2, 11
Suppose 5*z + 2*g = 2464, -59 = -2*z - 4*g + 917. What are the prime factors of z?
2, 13, 19
List the prime factors of (-1)/2*35*(-5742)/33.
3, 5, 7, 29
Suppose 0 = r - i + 15, 4*r - 2*i = -r - 87. Let n(s) = 13*s - 8. Let k be n(5). Let u = k + r. List the prime factors of u.
2, 19
What are the prime factors of (-97 - -1)/(66/(-176))?
2
Let g(n) be the first derivative of -n**4/4 - n**3 + 3*n**2/2 + 6*n + 55. Let w be 10*1*4/(-10). What are the prime factors of g(w)?
2, 5
Let a = -8 + 34. Suppose -109 = -3*r + a. What are the prime factors of r?
3, 5
Let o(k) = -k**3 - 6*k**2 - 3*k - 7. Let a be o(-8). Let g = a - 19. Let p = -69 + g. List the prime factors of p.
3, 19
Suppose a + 0 = 2*f - 32, 0 = -4*f + 3*a + 64. Suppose 0 = -j + f + 111. List the prime factors of j.
127
Suppose 5*q = 5, -o + 4*q = -8 - 16. Let h = o + -11. What are the prime factors of h?
17
Let i(c) = 54*c + 7. List the prime factors of i(5).
277
Let s(k) = -k**3 - 5*k**2 - 3*k + 7. Let b be s(-4). Suppose -5*m - 2*a - 3*a = -60, 4*a = -b*m + 35. List the prime factors of m.
13
Let p = 7754 + -4285. What are the prime factors of p?
3469
Let i be -2 + 10 - 2/1. Suppose -i*k = -k - 15. What are the prime factors of k?
3
Suppose 15*t + 4*t = -38. List the prime factors of (8/(-18))/t - (-15939)/81.
197
Let v(b) = b**2 + 4*b - 19. Let i be v(-7). Suppose -i*f + 134 = 3*z, -19 = -2*z + 4*f + 81. What are the prime factors of z?
2, 23
Let n(u) = 3*u**3 + 2*u - 2. Let c be n(1). Suppose 4*g + 2*z - 168 = -2*z, -c*z = 15. What are the prime factors of g?
47
Let m(t) = 2*t + 20. Let y be m(-5). Suppose 35 = q - y. What are the prime factors of q?
3, 5
Let w = 13 + -11. Let p(g) = 20*g**2 - 3*g + 1. Let o be p(w). Let z = -28 + o. List the prime factors of z.
47
What are the prime factors of (5/((-35)/(-238)))/(4/86)?
17, 43
Suppose -5*x + h = -225, 4*x - 180 = h + 4*h. What are the prime factors of x?
3, 5
Let v(y) = -2*y**2 + 43*y - 12. Let n be (-6)/((9 + -5)/(-12)). What are the prime factors of v(n)?
2, 3, 19
Let z = -29 - -36. Suppose 3*q - z = 95. Let a = q + -3. List the prime factors of a.
31
Let x = 87 + -83. Suppose -o + 276 = -5*s - x, 0 = o - s - 296. List the prime factors of o.
2, 3, 5
Let c = 478 + -287. What are the prime factors of c?
191
Let a(q) = 103*q + 70. List the prime factors of a(12).
2, 653
Let s be ((-1)/2)/(16/2912). Let c = s - -149. List the prime factors of c.
2, 29
Let r(j) = 5*j + 13. Let o(l) = -14*l - 38. Let h(v) = 6*o(v) + 17*r(v). Let k be h(-7). Let w(x) = -6*x - 33. List the prime factors of w(k).
3, 17
Let i = -149 - -218. What are the prime factors of i - ((-8)/(-6) + 2/3)?
67
Let n(z) = -3*z + 3. Let c be n(3). Let g be 4/c*744/(-16). Let o = -19 + g. List the prime factors of o.
2, 3
Let y = 97 - 95. List the prime factors of -24*20/(-15)*y.
2
Let n = -1815 - -3961. List the prime factors of n.
2, 29, 37
Suppose -4*z - 40 = -c + 405, -2*z - 233 = 3*c. Let p = 119 + z. List the prime factors of p.
7
Let d(j) = -2*j**3 + 43*j**2 - 20*j - 6. Let a = 150 + -129. What are the prime factors of d(a)?
3, 5
Let l(m) = -m**2 + 13*m - 13. Let r be l(12). Let g = 48 + -11. What are the prime factors of r*g*(0 + -1)?
37
Let n = 942 + -273. List the prime factors of n.
3, 223
Suppose 3 = 6*n - 33. Suppose n*i - 375 = -57. What are the prime factors of i?
53
Suppose -p - 3*p = -2*q - 84, -3*q = 3*p - 72. Suppose -7 = -o - p. List the prime factors of (-2)/5 + (-321)/o.
3, 7
Suppose 0 = 4*k - 1 - 3. List the prime factors of ((-7 - -4) + k)/(2/(-4)).
2
Let c = 6 - 2. Suppose 0 = y - c*y. Let m = y + 10. List the prime factors of m.
2, 5
Suppose -z - 30 = -2*o, -26 = -2*o - 4*z + 3*z. Let k = -582 + 587. Let f = o + k. What are the prime factors of f?
19
Let x(t) = t**2 - 5*t - 2. Suppose -k + 89 = 5*w, -4*w + 2*k + 88 = 7*k. Let n = w + -21. What are the prime factors of x(n)?
2, 17
Suppose 0*f + 54 = 6*f. Suppose 8*j = f*j - 60. What are the prime factors of j?
2, 3, 5
Let c be (1 + -4 + -2)/(-1). Suppose -2*v = 0, -4*p - c*v - 53 = 43. Let s = p - -40. What are the prime factors of s?
2
Let v(r) = 11*r + 18. Let w be v(-8). Let x = -21 - w. List the prime factors of x.
7
Suppose 3*u - 5*n = 9893, -3*u + 3*n = -13175 + 3272. What are the prime factors of u?
2, 3, 19, 29
List the prime factors of 38/((-25)/(-5) - 0 - 4).
2, 19
Let h = -662 + 1397. List the prime factors of h.
3, 5, 7
Suppose -o + 599 = -6*z + 8*z, 4*o = 4*z + 2432. What are the prime factors of o?
5, 11
Let m be 6/(2/4*4). Let d be (7/m + -2)*213. Suppose 0 = 2*l - n - 42, 2*n = -3*l + d - 8. List the prime factors of l.
3, 7
Let z(m) be the second derivative of m**4/4 - m**3/6 + 70*m**2 + 7*m. What are the prime factors of z(0)?
2, 5, 7
Let o(s) be the second derivative of -s**3 - 3*s**2/2 + s. Suppose 68 = -t - 16*t. What are the prime factors of o(t)?
3, 7
What are the prime factors of 138660/55 - (-8 + (-178)/(-22))?
2521
Let f(l) be the first derivative of 21*l**5/20 - l**4/6 + l**3/2 - l**2 - 5*l + 4. Let u(s) be the first derivative of f(s). List the prime factors of u(1).
2, 5
Suppose -23*p + 6 = -21*p. Suppose -2*l = -4, -2*v = p*v + 5*l - 300. What are the prime factors of v?
2, 29
Suppose 0 = -2*p - 2*m + 3506, -5*p + 5263 = -2*p + m. List the prime factors of p.
3, 5, 13
Let m(x) = 13*x**2 - 5*x - 33. List the prime factors of m(-5).
317
Let h(o) = 36*o**2 - 9 + 28 - 10*o**2 - 4*o - 13*o**2. What are the prime factors of h(4)?
211
List the prime factors of 6 - 2 - (-353 - 6 - -6).
3, 7, 17
Let w(f) = -3*f + 19. Let a be w(11). Let y = 4 - a. What are the prime factors of y?
2, 3
Let t(c) = 7*c - 21. Let g be t(10). Suppose g + 175 = 8*b. What are the prime factors of b?
2, 7
Let n be (-238)/(-18) - 4/18. Let r = -17 + 20. Suppose -v + r = -n. List the prime factors of v.
2
Suppose -2*p = 2*p + 48. Let w = p - -4. Let j = w - -23. List the prime factors of j.
3, 5
Let a = 15 + -15. Suppose a = 5*y - 1632 + 272. What are the prime factors of y/8 + (-6)/(-2)?
37
Let i = 17 + -12. Suppose -2*z - 3*k = -25, i*k - 14 = -5*z + 36. Suppose 6 = 3*w, -5*c + c + 118 = z*w. List the prime factors of c.
3
Let q = 25 + -24. Suppose 4*l = 2*y - 118, 0 = -2*l - q - 3. List the prime factors of y.
5, 11
Let f be (250/15)/(-5)*(-48)/(-10). Let c(w) = -4*w + 34. List the prime factors of c(f).
2, 7
Let i be 34/10*(8 + -3). Let c = i + -27. List the prime factors of (c/4)/(8/(-112)).
5, 7
Let b = -29 + 30. What are the prime factors of (-212)/12*b*-3?
53
Suppose -2*z - z + 37 = -5*u, -3*z - u = -7. Suppose 3*w - 47 = -5*x, 90 = 5*w - z*x - 13. Suppose 3*l + 3*j = 2 + w, -j = -1. What are the prime factors of l?
2, 3
Let i(j) = -9*j - 67. Let t(a) 